-3 + 18 = -5*b. What is s(b)?
0
Let i(k) be the first derivative of k**2/2 - 3*k + 7. Let l = 104 - 108. Determine i(l).
-7
Let y(d) be the third derivative of d**4/8 + d**3 + 5*d**2. Suppose -3*g + 3*n - 156 = 0, 0*g + 5*n + 132 = -2*g. Let h be 23/(-4) + (-42)/g. Determine y(h).
-9
Let w(s) be the second derivative of -s**6/360 - s**5/15 + 5*s**4/12 + 4*s**3/3 + 5*s**2/2 + 10*s + 3. Let d(u) be the second derivative of w(u). Give d(-9).
1
Let n(h) be the first derivative of -2*h**2 - 2*h + 108. Determine n(2).
-10
Let x(g) = 8 + 0 + g - 2*g - 2 + 10. Calculate x(9).
7
Let h(c) be the first derivative of 5/24*c**4 + 4/3*c**3 + 1 + 0*c + 0*c**2 + 1/30*c**5 - 1/360*c**6. Let m(d) be the third derivative of h(d). What is m(5)?
0
Suppose 9 = 3*p, -o - 23*p + 22*p = 3. Let f(w) = -4*w - 10. Let t(u) = 1. Let q(d) = f(d) + t(d). Calculate q(o).
15
Suppose -4*w = 14 + 274. Let u = w + 66. Let t(l) = -l**3 - 5*l**2 + 6*l - 2. What is t(u)?
-2
Let o = -263 - -269. Let x(a) = 2*a**2 - 12*a. Calculate x(o).
0
Let o(p) = p**3 - 2*p + 2. Suppose -31 + 7 = 8*i. What is o(i)?
-19
Let d(u) = -1 - 4*u - 2*u - 3*u. Let h(i) = i**2 + 4*i + 6. Let s be h(-3). Let k be (-1 + -1 + s)*-1. Calculate d(k).
8
Let j(c) = -c**3 + 11*c**2 + 10. Let m be 506/(-69)*(-12)/8. Give j(m).
10
Let s(t) = t**2 + 5*t + 4. Let h be s(-8). Let y(u) = -31*u**2 - 2*u + h*u**2 + 2*u. Give y(-2).
-12
Let m(s) = -s**3 + 8*s**2 + 10*s - 10. Let t(f) = -121*f + 1098. Let w be t(9). Calculate m(w).
-1
Let w(x) = x - 1. Let b(q) = 7*q - 12. Let u(d) = b(d) - 6*w(d). Let v be u(6). Let k(j) = j - 4. What is k(v)?
-4
Let i(o) = 1 + 4*o + 3*o + 8*o**2 - 6*o. What is i(-1)?
8
Let f(x) = x**3 + 9*x**2 + 16*x + 5. Let r be f(-2). Let p(k) = 7*k**3 - k**2 + 3*k - 1. Give p(r).
8
Let j be 15*(-10)/(-15)*(-2)/4. Let w be (-1 + 1)*(1 + 0). Let m(u) = -2 + w*u**2 + 0 + u**2 + 8*u - 2*u. What is m(j)?
-7
Let m(q) = -2*q + 3*q - 1 + 2*q**2 - q**3 + q. Let f(d) = d**2 - 2*d - 1. Suppose 24*h - 21*h = -3. Let g be f(h). Calculate m(g).
3
Let v(a) = 2*a**3 + 5*a**2 + 2*a. Let k be 15/(-2) - 2/(-4). Let b(w) = w + 4. Let h be b(k). What is v(h)?
-15
Let j(l) = 6*l**2 - 9*l - 4. Let a(n) = -7*n**2 + 10*n + 5. Suppose 4*x - 5 = 3*x. Let v(w) = x*j(w) + 4*a(w). Calculate v(4).
12
Let i(f) = -f**2 - 10*f - 12. Let w(l) = -l**3 - 9*l**2 - 5*l + 19. Let x be w(-8). Let v(c) = 2*c**2 + 13*c + 7. Let m be v(x). What is i(m)?
4
Let a be 0/2 - (10 + -13). Let k(w) = -53*w**a - 1 + 2*w**2 + w**2 + 56*w**3. What is k(-2)?
-13
Let o = -67 - -67. Suppose a = 3*b + 10, o*a + b = 3*a - 6. Let j(n) = -n**2 - n + 1. Calculate j(a).
-1
Suppose 0 = -2*x + 6, -5*x = 4*q - 0*x - 31. Let h(o) = 0*o + 2*o + 0*o - 7 + 3. Determine h(q).
4
Suppose -14 = -5*y + i, 0*i = -i - 4. Let w(a) be the second derivative of 1/6*a**4 + 0 + 1/20*a**5 - 1/2*a**y - 5*a + 0*a**3. Calculate w(-2).
-1
Suppose 0*k - 42 = 14*k. Let r(u) = 2*u + 11 + 0*u**2 - u**3 - u**2 - 10. Calculate r(k).
13
Suppose -42 = 8*w - 98. Let p(u) = -3*u + 6. Give p(w).
-15
Let f = -7 + 2. Let b(h) = h**3 + 7*h**2 + 11*h. Let l be b(f). Let p(u) be the third derivative of -u**5/60 - u**4/6 + u**3/2 - 16*u**2. What is p(l)?
-2
Suppose 10 = 2*l + 24. Let t(d) = -d**2 - 9*d - 1. Give t(l).
13
Suppose 2*g + 2 + 4 = r, r = -3*g + 1. Let t(j) = -6*j**3 - 31*j**2 + 6*j + 21. Let n(q) = -q**3 - 6*q**2 + q + 4. Let d(k) = 11*n(k) - 2*t(k). Give d(r).
-2
Let b(a) = -a**2 - 11*a - 5. Let s be b(-10). Let o(k) = -s*k + 5*k**2 - 3*k**2 - 13 + 6. Determine o(5).
18
Let l = -1335 + 1332. Let t(y) = -14*y - 2. What is t(l)?
40
Let h(i) = -7*i**2 - 12*i**2 + 26*i**2 - 8*i**2 + 4*i. Let a be (-2)/(-9) - (-50)/18. Calculate h(a).
3
Let z(o) = 3*o**2 + 13*o - 19. Let l(d) be the third derivative of -d**5/60 - d**4/4 + 3*d**3/2 + 8*d**2. Let a(y) = -5*l(y) - 2*z(y). Determine a(5).
-12
Let f(d) = 7*d - 11. Let m(o) = -o - 2. Let l be m(-7). Let t be (-12)/(-8)*8/((-12)/(-3)). Let v(g) = -4*g + 5. Let q(a) = l*v(a) + t*f(a). Calculate q(0).
-8
Let n(x) be the third derivative of 2/3*x**3 - 1/60*x**5 - 7/24*x**4 + 0 - 12*x**2 + 0*x. Let p = 16 - 23. What is n(p)?
4
Let o(i) = -i**3 + 15*i**2 - 12*i - 20. Let r be o(14). Let q(b) = -9 + 2*b + r + 5. What is q(-5)?
-6
Let w(i) = i**3 - 18*i**2 + 44*i + 20. Let z be w(15). Let x(a) = -a**3 + 4*a**2 + 6*a + 2. Calculate x(z).
7
Suppose 20 = -f + 6*f. Let w(o) = -8*o**2 - 5*o + 10. Let g(h) = 7*h**2 + 4*h - 9. Let m = 1 - -6. Let c(y) = m*g(y) + 6*w(y). Determine c(f).
5
Suppose 0 = 5*g - 2*f + 30, 2*g - 4*g = f + 12. Let c(t) = -t**3 - 7*t**2 - 4*t + 5. What is c(g)?
-7
Let l(n) be the second derivative of n**3/6 + 11*n**2 + 48*n. Calculate l(-11).
11
Let o be (-6)/15*(2 + -7). Suppose 5*d = o*b - 0 + 7, b + 5 = 3*d. Let l(w) = d - 2 + 1 + w**2 + 0. Calculate l(0).
2
Suppose 17 = k + 2*d, -4*k - 3*d + 29 = -29. Let w(m) = -m + 6. Determine w(k).
-7
Let s(y) = 6*y**2 + 4 + 5*y**3 + 3*y**3 - 3*y**3 - 6*y**3 - 6*y. Suppose 2*m = 2*b + 20, -3*m + 2*m = -2*b - 15. Calculate s(m).
-1
Suppose 5*h + 80 = -5*s, -h - 38 + 10 = 2*s. Let p(b) = -b**2 - 8*b + 51. Give p(s).
3
Let y(g) = -g**2 - g - 1. Let z be y(-1). Let p = z + 0. Let l(q) = -6*q**2 - 20 + 3*q**2 + 20. What is l(p)?
-3
Let p(l) = -l**3 - 2*l**2 - 4*l + 2. Let n(k) = -k**3 - 2*k**2 - 3*k + 1. Let q(f) = 3*n(f) - 2*p(f). Calculate q(-2).
1
Let s(l) be the third derivative of l**8/6720 + l**7/1260 - l**5/120 + l**4/6 + 9*l**2. Let p(f) be the second derivative of s(f). Give p(-2).
-1
Suppose -1335*x = -1336*x + 5. Let w(b) = b**2 - 3*b + 5. Determine w(x).
15
Suppose 2*c + 4*p + 6 = 3*c, 2*c = 4*p + 8. Let y(k) be the third derivative of -1/3*k**3 - 1/60*k**5 - k**c + 5/24*k**4 + 0 + 0*k. What is y(4)?
2
Let k be 3/(-3)*5 - (-20 + 14). Let r(o) = -28*o**2 - o. Determine r(k).
-29
Let u(l) = 28*l**3 - l**2 + l. Let h = 5 - 4. Determine u(h).
28
Suppose -2*o - 3*x = 5, 0 = 4*o - 0*x - 4*x - 40. Let t(w) = w**3 - 6*w**2 + 7*w. What is t(o)?
10
Suppose -2*q = -5*q - 3. Let g(s) be the first derivative of s**4/4 - 17. What is g(q)?
-1
Let n(p) = -p + 13. Suppose -2*r - 4 = -10*t + 12*t, 2*t = -4*r - 18. Give n(r).
20
Let a = 11 + -8. Suppose -a*j + 1 + 2 = 0. Let t(s) = 20*s + 8. Let y(l) = -7*l - 3. Let k(z) = -3*t(z) - 8*y(z). Determine k(j).
-4
Let a be ((-15)/(-2))/(6/8). Let t = 12 - a. Let l(w) = 4*w**2 - w + 4 + w**3 + 4 - 10*w**t. Determine l(6).
2
Let t(m) = 14*m**3. Let f be -1 + (-4)/(-2) + 3. Suppose 5 = s - 2*g, f*g + 10 = -4*s + 2*g. Calculate t(s).
-14
Let f(o) = -2*o**3 + 6*o**2 + o + 5. Let h(r) = -r**3 + 6*r**2 + 2*r + 2. Let v(x) = 2*f(x) - 3*h(x). What is v(-4)?
-12
Suppose 0 = 2*d - 6 - 0. Let h be -1 + 5 - (5 - d). Let x(m) = 20*m - 7*m - 34 + 36 - 12*m. Determine x(h).
4
Let o(x) = x**2 - 7*x + 6. Suppose 5*u + 2*h = 39, -4*u + 17*h + 42 = 15*h. Give o(u).
24
Let w(d) = 3*d**3 - 10*d**2 - 10*d + 8. Let g(p) = -9*p**3 + 28*p**2 + 28*p - 23. Let z(y) = 6*g(y) + 17*w(y). Determine z(-2).
18
Let n(b) = -b - 3. Let a be n(-5). Let j be 26/10 + (-12)/(-30) + 0. Let o(s) = -s + 24*s**3 - 3*s**a - 23*s**3 - j + s**2. Calculate o(3).
3
Let s(a) = 3*a - 32. Let g be 6*(4 + 25/(-10)). Give s(g).
-5
Let i = -12 + 19. Let c(u) = 4*u - 2. Let x(b) = 5*b - 2. Let j(q) = -4*c(q) + 3*x(q). Determine j(i).
-5
Let s(v) = -10*v - 2. Let z(u) = -9*u - 1. Let g(y) = 3*s(y) - 4*z(y). Give g(-2).
-14
Let h(z) = z**3 + 2*z**2 + z + 3. Suppose 5*w = -y - 62, -5*w = 4*y + y + 50. Let k = 10 + w. Determine h(k).
-9
Let b = -7 - -20. Let g be b + -10 + 0 + 1. Let i(s) be the third derivative of s**6/120 - s**5/10 + s**4/4 - 5*s**3/6 - s**2. Determine i(g).
-13
Let q(s) = s - 4. Let x(w) = w + 1. Let h be x(-1). Suppose h = r + 2*r. Calculate q(r).
-4
Let z(n) be the second derivative of -n**7/840 - n**6/60 + n**5/20 - 5*n**4/24 - 9*n**3/2 + 4*n. Let s(a) be the second derivative of z(a). Determine s(-7).
2
Suppose -3*s + 44 = s + 3*y, 4*y - 54 = -5*s. Suppose -s*v + 12 = -10*v. Let k(f) = -f + 1 - 1. Give k(v).
-3
Let m be (7 - 4) + 1 - 2. Let l(p) = 168 - 174 + 0*p**3 - 5*p**m - 2*p**3 + p**3. What is l(-5)?
-6
Let l = -623 + 617. Let c(v) = 9*v + 7. Give c(l).
-47
Let v(i) = -i**2 + 5*i + 5 + 4*i + 14 - 10. Suppose -3*k + 20 = 2*s, -4*k + 2 = -3*k + 3*s. Calculate v(k).
17
Suppose -5*s + 12 = -9*s, -5*